e z(2). Suppose 6 = a - 2*j, 9 = -5*j - o. Suppose 0*i = a*i + 4*n - 4, -3*i - 3*n + 9 = 0. What is the units digit of i?
4
Let i = -9 + 8. What is the units digit of i/4 + (-57)/(-4)?
4
Suppose -f + 5*s = -23, 0 = 2*f - 4*s - 70 + 18. What is the units digit of f?
8
Suppose -5*b + 2343 = 6*b. What is the hundreds digit of b?
2
Let m = -354 + 544. What is the units digit of m?
0
Let g be (-10)/(-35) - 19/(-7). Suppose u + 5*s - 8 - 4 = 0, 2*u - 3 = -g*s. What is the units digit of (-99)/(-12) + u/12?
8
Let h = 6 - -13. What is the units digit of h?
9
Suppose 0 + 2 = g. Suppose -g*l + 6*l = -4. Let k = 4 - l. What is the units digit of k?
5
Let q = -1 - -2. Let k = q + -1. Suppose -5*i + 28 + 17 = k. What is the units digit of i?
9
Let h(y) = 3*y + 3 + 4 - 6. Suppose 7 = 3*c + 1. What is the units digit of h(c)?
7
Let y(r) = 15*r**3 - 1. Let a be y(1). Suppose -f - 19 = -4*o + 19, a = 2*o - 3*f. Suppose -q - n + 18 = -3*n, q + 2*n - o = 0. What is the units digit of q?
4
Let z(j) = 2*j**2 - 4*j - 3. Let v be z(4). Suppose -o = -4*i + v, 5*o + i + 0*i = 19. Suppose -10 = -c - h, 0 = -o*h - 1 + 13. What is the units digit of c?
6
Let p = -59 + 36. Let i = p + 58. What is the tens digit of i?
3
Suppose 0 = 4*r - 2*g - 6 - 4, -2 = 2*g. Suppose 2*p + 2*f = 5*p - 18, 4*p = r*f + 22. What is the units digit of p?
4
What is the units digit of (-2)/4 - (-51)/2?
5
Let g(i) = i**3 - 15*i**2 - 13*i - 14. What is the tens digit of g(16)?
3
Let m = -3 + 0. Suppose 6*d - 2*d + 62 = -5*j, 21 = -3*j + 3*d. What is the tens digit of (j/m)/(2/6)?
1
Let z(w) = -w + 8. Let o = 1 + -1. What is the units digit of z(o)?
8
Suppose 4*c - 35 = 53. Let l be 722/c - (-2)/11. Suppose 0 = -3*i - 0*i + l. What is the units digit of i?
1
Suppose -2*s = -s - 1. Let p be (8 - (0 - 0))*s. What is the units digit of 30/p - 2/(-8)?
4
Let k(c) = 2*c**2 - 14*c. What is the tens digit of k(10)?
6
Suppose 2 = -c + 1. Let b(y) = -y + 1. Let z be b(c). Suppose -5*i + z*i + 12 = 0. What is the units digit of i?
4
Suppose 2 = -2*k + 2*u, 4*u = -2*k - 0*k + 16. Suppose 0 = -4*t - 4*a + 60, -5*t - k*a + 100 = 25. What is the units digit of t?
5
Let u(w) = -2*w**2 - w**2 + 14 - 2*w**2 - 7*w + 6*w**2. What is the units digit of u(6)?
8
Suppose 5*p - 10 = 5*a, -4*p + 2*a - 7*a = -17. Suppose 0 = p*w - w - 26. What is the units digit of w?
3
Let w(z) = 4*z + 2 - 2. What is the units digit of w(3)?
2
Let m be 1 + (1 - (2 + -5)). Let l = 11 + m. What is the tens digit of l?
1
Suppose -3 = -m + 2. What is the units digit of (-6)/(-7)*(m + 2)?
6
Suppose -3*s - 7 = -4*j, 10*s + 17 = 5*s + 4*j. What is the tens digit of (9/2)/(s/(-20))?
1
Suppose -5*w = -o, 2*o + w - 3*w - 32 = 0. What is the tens digit of o/6*24/4?
2
Let j(f) = f**3 - 6*f**2 - 2*f - 2. Let s be (2/3)/(4/6). Let g(m) = -m. Let v(y) = s*j(y) - 4*g(y). What is the units digit of v(6)?
0
Let i = -28 + 55. What is the units digit of i?
7
Suppose w = -15 + 55. Suppose -2*t + w = -18. What is the tens digit of t?
2
Let h(q) = q**3 - 14*q**2 - 27*q + 47. What is the units digit of h(16)?
7
Let j(f) = f**2 + 3*f + 1. Suppose 4*o - 94 = -0*h - 2*h, -52 = -2*o + 4*h. Suppose 5*m = -2*a - 14 - o, -a + 20 = -4*m. What is the units digit of j(m)?
9
Suppose -12 = -4*c, 3*f - 60 = -f + 4*c. Suppose -2*y - 3*l + 3 = 0, 7*y - 2*y = -4*l + f. What is the units digit of y?
6
Suppose -3*u - 54 = -0*u. Let x be (18/(-4))/(9/18). Let r = x - u. What is the units digit of r?
9
Let d(t) = -t**2 + 4*t - 2. Let x be d(2). Let l(j) = -j**3 + 9*j**2 + 11*j - 10. Let v be l(10). Let w = v + x. What is the units digit of w?
2
Let o = 18 + -12. What is the units digit of o?
6
Suppose 6*f + 939 = 2601. What is the hundreds digit of f?
2
Let g = -43 + 85. Suppose 0 = -8*d + 7*d + g. What is the units digit of d?
2
Let q(x) = 3*x - 2. What is the units digit of q(14)?
0
Let a = -11 + 7. Let k(l) = -l - 2. Let m be k(a). Suppose -m*h + 5 = -h. What is the units digit of h?
5
Suppose -4*b = -1 - 39. Suppose 9 = -2*z + 4*t - t, 5*z - 5*t + b = 0. What is the units digit of z?
3
Let m be 3 + 0 - 10 - -1. What is the units digit of (-34)/m + (-8)/12?
5
Let y be (-1)/(2/42) - 1. What is the tens digit of y*6/8*-2?
3
Suppose -4*m - 56 - 113 = -3*o, -301 = -5*o - 3*m. What is the tens digit of o?
5
Let y(c) be the third derivative of -c**4/24 + 2*c**3/3 - 4*c**2. What is the tens digit of y(-6)?
1
Let p = 1 - -3. Suppose 0 = -3*l - l + p*j + 108, j = -l + 29. What is the units digit of l?
8
Suppose 3*x = 5*x + 16. Let f = 13 + x. What is the units digit of f?
5
Let w(a) = a**3 + a**2 - a - 2. Let j be w(-2). Let f(g) = -3*g - 5. What is the units digit of f(j)?
7
Let u = -218 - -317. What is the tens digit of u?
9
Let u be (-5 - -6)/((-2)/8). Let b(m) = -2*m + 2. What is the tens digit of b(u)?
1
Let x = 3 + -3. Suppose 3*k - 6 - 21 = x. Let q = k + -1. What is the units digit of q?
8
Suppose 3*c - 13 = -w - 4*w, -5*w + c = -9. Suppose -w*x + z + 26 = -43, 3*z = 4*x - 139. What is the units digit of x?
4
Let n be -1*4*10/8. Let c(a) = 4*a**3 + 4*a**2 + 5*a + 1. Let v(z) = 5*z**3 + 3*z**2 + 6*z + 1. Let w(t) = n*v(t) + 6*c(t). What is the units digit of w(9)?
1
What is the units digit of 1/(2 + 386/(-194))?
7
Let f be 11 + (1 + 2)/(-3). Let r(p) = -3*p - 1. Let q be r(-2). What is the units digit of (4/f)/(2/q)?
1
Let f be (-556)/(-14) + 4/14. Suppose h + 8 = 5*h. Suppose -30 = -3*z + 2*u, -f = -2*z - h*u - 10. What is the units digit of z?
2
Let g be 1 + -2 + 0 - 6. Let d = -5 - g. What is the units digit of d?
2
Let f(i) = i**3 - i**2 + 1. Let c be f(2). Suppose -c*u - 60 = -8*u. What is the units digit of u?
0
What is the tens digit of 1 + -2 + -2 + 60?
5
Let y(c) = 4*c - 4. Let l(x) = 3*x - 4. Let z(a) = 6*l(a) - 4*y(a). Let j = 7 - 1. What is the units digit of z(j)?
4
Let c(a) = -189*a + 12. What is the units digit of c(-1)?
1
Let p(m) = -m**2 - 11*m + 9. Let u be p(-11). Let b be 2/(-8) - (-18)/8. Suppose -4*k - 21 = -u*k - 4*g, b*k + 18 = 5*g. What is the units digit of k?
1
What is the units digit of 445/10 - (0 + (-3)/(-2))?
3
Let b = 144 + -67. What is the units digit of b?
7
Let x(n) = -n + 5. Let y be x(0). Let k be (-3)/(-5) - (-12)/y. Suppose -s = 2*u - 17, -k*u + s - 6*s + 29 = 0. What is the units digit of u?
8
Let n(a) = -a. Let f(z) = 13*z - 3. Let i(b) = f(b) + 2*n(b). Let q be i(2). Let l = 34 - q. What is the units digit of l?
5
Suppose -5*q = -0*q. Suppose -9 = -3*m - 0*m + 4*l, -3 = -m + 2*l. Suppose q = -m*f + 25 + 2. What is the units digit of f?
9
Suppose 3*i - 12 = -2*h, -6*i + i + 2*h = -4. What is the units digit of i?
2
Suppose j + 11 = 2*a - 44, 3*a = 2*j + 80. Suppose i = 4*k - 2*k + a, 4*i + k - 84 = 0. What is the tens digit of i?
2
Suppose -4*r + 774 = 5*c, -5*r + c + 978 = 2*c. What is the hundreds digit of r?
1
Suppose 0 = 4*m + 2*k - 134, k = -4*m - 2*k + 133. Suppose m = 2*i - 16. Suppose 2*t - 7*t + i = 0. What is the units digit of t?
5
Let n = 16 + -13. Suppose 5*h = 3*v - 49, -v - n*h = -2*v + 15. What is the units digit of v?
8
Suppose 2*b = 7*b - 25. Let l be -2 + b/(15/(-12)). Let u = 10 + l. What is the units digit of u?
4
Let l(u) = u - 6. Let k(c) = -c - 1. Let h be (-1 - -1) + 1*2. Let x(o) = h*k(o) - l(o). What is the units digit of x(-3)?
3
Let j = -99 + 141. What is the units digit of j?
2
Let m(o) = 9*o + 19. What is the tens digit of m(13)?
3
Suppose 2*c = -5*d + 5, -2*c - d - 7 = -0*c. Let u(o) = -o**3 - 4*o**2 + 6*o + 6. Let l be u(c). Let g(w) = 4*w**2 - 2*w + 1. What is the units digit of g(l)?
3
Let o be 0*(0 + 1/(-2)). Let s be 0/(-3 + o) - -4. Suppose s*y - 28 = 4. What is the units digit of y?
8
Let w(n) = 6*n - 7. Let m be w(7). Suppose 5*k = 5*a + m, -2*a - 21 = 5*k - 0*k. What is the units digit of (-9)/2*a/6?
6
Suppose 3*a + 22 = a. Let m(b) = -b**3 - 10*b**2 + 11*b + 13. What is the units digit of m(a)?
3
Suppose 1 + 14 = 5*o. Suppose 12 = -o*z + 4*z. What is the units digit of z?
2
Let i = 10 + -9. Let b = i + 4. What is the units digit of b?
5
What is the units digit of 1*(-88)/12*-6?
4
Let l be (-48)/9 + (-4)/(-12). Let a(c) = -c**3 - 4*c**2 - 3*c - 7. What is the units digit of a(l)?
3
Let f(o) = -25*o - 5. Let j be f(-4). Let y = -47 + j. What is the units digit of y?
8
Suppose u - 11 = 5*l, 3*l - u